5 = 5*f. Suppose -4*h = -4*d + h + o, 0 = -2*d - h + 15. What is the units digit of d?
6
Let x = 247 + -127. What is the hundreds digit of x?
1
Let o(j) = 3 + 2*j + 1 + 2. Let k be o(5). Suppose 43 = 4*m + 5*v, k = m + 2*v + v. What is the units digit of m?
7
What is the units digit of 4/(-26) - 1464/(-52)?
8
Let n(q) = -q**3 + 12*q**2 - 9*q - 9. What is the tens digit of n(11)?
1
Suppose 0*h + 2*h = 0. Suppose -3*y = h, -2*w + 3*w - 5*y = 4. What is the units digit of w?
4
Suppose -3*f + 48 = -87. Suppose i = -4*i + f. What is the units digit of i?
9
Let z = 50 + -26. Suppose 0 = -2*q - z - 32. Let v = 43 + q. What is the units digit of v?
5
Suppose a - 3 = -d, -d = -2*a + 6*a - 12. What is the tens digit of (-30)/((1 - 3) + d)?
1
Let p = -6 + 9. Suppose -5*r = 3*o - 53, p*r + r + 28 = 2*o. What is the tens digit of o?
1
Let m = 18 - 12. Let a = 8 + -5. Suppose -3*n + m = -a. What is the units digit of n?
3
Let a be (-2)/(-2)*(-3 + 5). Suppose i = -a*i. Suppose 3*g + g - 40 = i. What is the units digit of g?
0
Suppose -14 = -4*j + r, j = -r - 0 + 1. Suppose 2*l = -j*q + 31, -2*q - l + 33 = 2*q. What is the units digit of q?
7
What is the tens digit of (11/3 - 10/15) + 82?
8
Let m(q) = q**2 + 7*q - 11. What is the units digit of m(-9)?
7
Let m = 6 + -12. Let l(u) = -11*u - 1. Let s be l(m). Suppose -7*r + s = -2*r. What is the tens digit of r?
1
Let p = 0 - -3. Suppose -5*d = -2*i + p + 2, 0 = -5*i. What is the units digit of d/(-2) + (-39)/(-6)?
7
Suppose -18 = -2*y - 4*r, y - r = -4*y + 1. Let c(d) = -2*d + 0 + y - 5*d. What is the units digit of c(-1)?
8
What is the tens digit of 28*(9 + -9 - (-17)/2)?
3
Let x = -160 + 91. Let q = -30 - x. What is the tens digit of q?
3
Let m(a) = a**3 + 12*a**2 + 10*a + 8. What is the units digit of m(-9)?
1
Let p be 1*-2 + 6/3. Let q(d) = d + 4. Let f(m) = -2*m - 5. Let s(w) = 2*f(w) + 3*q(w). What is the units digit of s(p)?
2
Suppose 0 = -15*c + 16*c - 40. What is the tens digit of c?
4
Let c = 280 + -182. What is the tens digit of c?
9
Let v(f) = 4 - 9*f + 4 + 10*f. Let r be v(-4). Suppose 20 + 28 = r*o. What is the units digit of o?
2
Suppose 4*x + 2*c + 8 = 0, 4*x - 2*c - 8 = 2*x. Suppose x = -2*i + 3*i - 7. What is the units digit of i?
7
Let d(g) = 2*g**2 - 2*g. Let z = 1 + 2. Let l be d(z). Let j = l - 4. What is the units digit of j?
8
Let q = -13 - -21. What is the tens digit of (18/q)/(1/8)?
1
Let w(q) = 5 + 3*q + q**2 + 8*q + q**2. What is the units digit of w(-7)?
6
Suppose x = 3*x. Suppose -c + 3*c = x. Suppose -o - 3*o + 32 = c. What is the units digit of o?
8
Let d(f) = -f**3 - 8*f**2 - 7*f + 2. Let a be d(-7). Let w(t) = 3*t**2 + 2*t - 3. What is the tens digit of w(a)?
1
Let g = 40 + -22. What is the tens digit of g?
1
Let b(n) = 2*n**3 - 7*n**2 + 5. Let l be b(5). Suppose -2*d + d = 4*h - 69, 5*d = 5*h - l. Let x = -8 + h. What is the units digit of x?
9
Let x be -1*4 - (3 + -1). Let h be (-8)/(-3)*x/(-4). Let w(l) = 2*l - 2. What is the units digit of w(h)?
6
What is the tens digit of 1*92 + (-4 - 16/(-4))?
9
Suppose -2*k - 2*k + 16 = 0. Suppose 4*x = k*n + 48, 3*x - 2*n - 44 = 3*n. What is the units digit of x?
8
Let p(v) = -v**2 - 14*v - 6. Let q be p(-12). Suppose -4*y = -7*y + q. What is the units digit of y?
6
Suppose 0 = 3*n - 5*r - 38, -3*r - 15 = -4*n + 21. Let w = n + 4. What is the tens digit of w?
1
Let b(d) = -4*d - 4. Let j be b(-9). Suppose 0 = 4*u - 96 + j. What is the units digit of u?
6
Suppose 69 = -2*y + 3*y - 3*b, 0 = 5*y - b - 289. What is the tens digit of y?
5
Suppose y = 2*y - 52. Suppose 4*o - 228 + y = 0. Suppose 4*f + 8 = o. What is the units digit of f?
9
Let w = 18 - -20. What is the units digit of w?
8
Let f = -4 + 4. Suppose 2*x - 2 = 3*h + 1, -3*x + 5*h + 5 = f. Suppose x = q - 1 - 6. What is the units digit of q?
7
Suppose -5 = -3*o + 1. Suppose -o*h + 10 = 4. What is the units digit of h?
3
Let v(d) = 8*d**3 - 6*d**2 + 7*d. What is the tens digit of v(3)?
8
Suppose 0 = 5*m + k - 26, -4*m - k + 25 - 4 = 0. Let i = m - 5. Suppose i = -0*l + 3*l - 18. What is the units digit of l?
6
Let n(j) = -j**2 + 4. Let f be n(3). What is the units digit of 578/16 - f/(-40)?
6
Let w = 4 - 4. Suppose 3*b + b - 124 = w. Suppose -4*m + m - b = -5*d, 2*m - 6 = 0. What is the units digit of d?
8
Suppose 0 = -2*i + 7*i. Let n be i - 0 - (-6)/1. Suppose 0*s - n = -2*s. What is the units digit of s?
3
What is the units digit of ((-4)/6)/((-6)/837)?
3
Let v(g) = 2*g**3 - g**2. Let k be v(2). Suppose 3*u + 58 = 2*f, 2*u + 65 = 3*f - k. Suppose -d - 3*r = 4*d - 67, -d - 3*r + f = 0. What is the tens digit of d?
1
Let b(f) = -f**3 + 6*f**2 + 8*f + 8. Let m be b(7). Let n be 2/10 + (-3)/m. Suppose n*p = 3*p - 6. What is the units digit of p?
2
Suppose -4*t = -4*u - 4, 0 = -4*t + u - 4*u - 17. Let f = 15 + t. What is the units digit of f?
3
Let x = -6 - -13. Suppose -2 + x = -t, -5*t = w + 7. What is the tens digit of w?
1
Suppose -4*n - 36 = -248. Suppose 0 = 4*j + 4*p - 72, 2*j - n = -5*p - 8. What is the units digit of j?
5
Let j(r) be the second derivative of -r**5/20 + 7*r**4/12 - r**3/2 - r**2/2 + r. Let y be j(6). Let a = y - 4. What is the tens digit of a?
1
What is the tens digit of 16*1 + (0 + 3 - 4)?
1
Suppose 4*h + 1 - 109 = 0. What is the units digit of h/(-2)*(-4)/6?
9
Let m be 3 - 6/(-9)*3. Let a(s) = s**2 - 5*s + 7. What is the units digit of a(m)?
7
Suppose 0 = 4*h - 5*r - 215, 4*r = 5*h - 2*h - 160. What is the units digit of h?
0
Let s be (1 - 3)/(4 + -5). Suppose 0 = -3*o + s + 10. Let m = 1 + o. What is the units digit of m?
5
Let q(l) = l**2 + 7*l + 6. Let o be q(-4). Let s(f) = -f**3 - 6*f**2 + f + 7. Let y be s(o). Let w = y - 0. What is the units digit of w?
1
Let n(w) = 3*w + 1. Let c be n(2). Let p(j) = j**3 - 7*j**2 + 3*j - 1. What is the units digit of p(c)?
0
Let h(o) = 22*o**2 + 4*o - 1. What is the tens digit of h(3)?
0
Suppose -x = x. Suppose o - 3*o + 4 = x. What is the units digit of ((-21)/(-6))/(o/4)?
7
Let k(b) = -b**3 - b + b**2 + b + 25. What is the units digit of k(0)?
5
Let t(m) = 7*m**2 + 2*m - 12. What is the tens digit of t(-7)?
1
Let j(l) = 2*l**2 + 2*l - 1. Let h be j(1). Suppose 12 = 3*q - h. Suppose 0*m + q*w - 29 = -3*m, m + 4*w - 12 = 0. What is the units digit of m?
8
Suppose -7 + 3 = 4*x. What is the tens digit of (x/2)/(2/(-52))?
1
What is the tens digit of (3 - -28) + (-1)/1?
3
Suppose -v - 3 = 3*j - 17, 0 = 3*j. What is the tens digit of (-6)/21 - (-522)/v?
3
Let v = 120 - -21. What is the units digit of v?
1
Suppose -4*s = s - 10. Suppose -d + 2*g + 25 = 0, s*g = 3*d + 2*d - 157. Suppose 2*m - w - 11 + 3 = 0, 4*w = -5*m + d. What is the units digit of m?
5
What is the tens digit of ((-204)/14)/(3 - 22/7)?
0
Suppose -3*u - 4*y - 16 = 0, -5*u + 0*y = 2*y + 8. What is the tens digit of u + (-92)/(-3 + 1)?
4
Let n(y) = 6*y**2 - 34*y + 45. Let p(c) = c**2 - 7*c + 9. Let t(q) = 2*n(q) - 11*p(q). What is the tens digit of t(-11)?
1
Suppose 8 = -4*i + 6*i. Suppose -i*c = c - 10. What is the units digit of c?
2
Suppose -3*g = -4*j - 134, -g + 7*j + 30 = 2*j. What is the tens digit of g?
5
Let f(t) = 26*t**3 + 2*t**2 + 3*t - 5. What is the tens digit of f(2)?
1
Suppose 4*j = -0*j + 132. Let m = j - -5. What is the tens digit of m?
3
Let h(o) = o**3 - 3*o**2 - 3*o - 1. Let l be h(5). Suppose -k = -4*y + 68, -2*y + k + l = 2*k. What is the tens digit of y?
1
Let t(d) = -d**2 - 3*d. Let g be t(-4). What is the units digit of 15/(-4)*(0 + g)?
5
Let t = 472 - 329. What is the units digit of t?
3
Suppose -7*q = -2*q. What is the units digit of q + (-8)/(1*-4)?
2
Suppose c = 4*c. Let n be (-1 - c) + -2 + 5. Let i = 1 + n. What is the units digit of i?
3
Let i be 2 + (-2)/(2/(-11)). Suppose i = 5*y + 3. What is the units digit of y?
2
Let d = 29 - 20. What is the units digit of d?
9
Let m = 44 + -19. What is the units digit of m?
5
Let h(v) = 3*v + v + 3*v - 3*v - 4. What is the units digit of h(4)?
2
Let k = 39 + -14. Let c = k + 4. What is the tens digit of c?
2
Let x = -76 - -52. What is the units digit of x/(-2) - (8 + -4)?
8
Let d(p) = -p. Let v be d(4). Let x be 0/2 - (v - -4). What is the units digit of x + 2 - 2*-2?
6
Suppose 0 = -5*k + 10, -4*n - 13 - 21 = -5*k. What is the units digit of 2*-1 + 2 - n?
6
What is the units digit 